-27 + (6 - -8))?
-25
What is the value of (-8 - (3 + -1 - 4)) + 0?
-6
What is the value of (-10 - -2 - 6) + 0?
-14
What is (-4 - (-15 + 17)) + 19?
13
What is the value of 81 - 87 - (0 + 20 + -2)?
-24
Evaluate 7 - (-4 + 8 + 8).
-5
What is the value of 37 + (9 - (26 + 0)) + 0?
20
What is the value of 2 - (32 + -9) - -8?
-13
Evaluate -3 + 1 + 16 - 7.
7
-398 + 379 - (6 + (1 - -1))
-27
What is the value of 34 + (-30 - -3) - (4 + 3)?
0
What is the value of -7 + (12 - 4) - -14?
15
What is the value of 1 + -3 + -1 + 4?
1
Calculate 13 - (-14 - 7 - -23).
11
Evaluate 10 + 13 - (-45 + 68).
0
Calculate (71 - (31 - -26)) + 2 + 0.
16
What is 8 - (-88 + 95 + 0 + -8)?
9
What is (85 - 89) + (14 - -2 - (7 - 8))?
13
What is 18 - (-5 - -13) - 15?
-5
Evaluate -8 + -5 + -6 + 7 - -6.
-6
What is the value of -12 + -8 + 94 + -77?
-3
Calculate -7 + 7 + 3 + 0.
3
What is the value of 21 + -4 + -8 + -8?
1
Calculate 13 + (44 - (-30 + 63)).
24
10 + -6 + -3 - (4 + (3 - 1))
-5
Calculate 33 + -4 - (20 + -25).
34
5 - -2 - (7 - (1 + 12))
13
What is the value of 352 - 377 - (-16 - 1)?
-8
-17 + 4 + (2 - 12 - -5) + 0
-18
What is the value of 6 + -23 + 4 - (-11 - (-8 + -4))?
-14
What is (-31 - (-35 + 48)) + 37?
-7
What is the value of -15 - -9 - -34 - 50?
-22
What is the value of 2 + -1 - (-4 - (1 - 2)) - -5?
9
5 + (41 - (1 + 26))
19
(-4 - (-1 - (-17 + 12))) + 2 + -9
-15
What is (192 - 193) + (-3 - 29)?
-33
What is (5932 - 5905) + 0 + 0 + 5?
32
Calculate (-19 - (-6 - (-11 - -8))) + 5.
-11
Calculate -4 + 10 + -1 - -13 - 12.
6
What is the value of 2 + -11 + 24 + -7?
8
16 - (1 + 41 - 24)
-2
Evaluate -28 - (11 + 3 + (-131 - -103)).
-14
What is the value of -12 + (-25 - 5) + 22 + -22?
-42
What is 6 - (-1 - -1) - (-19 + (0 - -19))?
6
What is 14 + -13 + (-5 - -6) + (6 - 2)?
6
Calculate -1984 + 1959 + (7 + 0 - (1 + -1)).
-18
What is the value of (96 + -56 - 50) + (-2 + 10 - 0)?
-2
(0 - 0) + -73 + 70 + -10
-13
What is -26 - (-50 + -12 + 34)?
2
Calculate 15 + (8 - (5 - -1) - 1).
16
Evaluate (38 - (6 - -10)) + 2 + -12.
12
What is the value of (-17 - (-26 + 22)) + 15?
2
8 + -13 + (0 - -11) - 5
1
Evaluate 1 + (23 - (16 + -36 - -16)).
28
What is 13 + -1 - 20 - 1?
-9
Calculate (6 - (3 - -6) - 3) + -3.
-9
-5 + 0 - (9 + 6 + -8)
-12
What is 9 + 5 + 8 + -15 - (-1 + 8)?
0
Calculate -37 + (92 - (46 + -17)).
26
What is -15 + (13 - (14 - (5 + -11)))?
-22
What is the value of -1 - (-19 - (1 - 10))?
9
What is the value of -5 + 7 + -11 + -2 + 0 - -4?
-7
What is (26 - (7 - 18)) + (13 - 20)?
30
What is -7 - (-4 + 0 + (-7 - 1) + -5)?
10
Calculate (44 - 58) + 1 + 7 - -21.
15
10 - (8 + 1 - (64 + -60)) - 24
-19
Evaluate 28 + 23 + 20 + -44.
27
What is the value of (-4 - -2) + -1 + (8 - 20)?
-15
What is (9 - 16) + -10 + (-16 - -8)?
-25
Evaluate -3 + 3 + (36 - 28) + (-14 - 3).
-9
14 - ((1 - 2) + 2 + (-6 - -7))
12
6 + 8 + 1 - (-8 + -3)
26
What is 1 + 0 + -5 + 21 + 16 + -17?
16
What is the value of -5 - ((-4 - 2 - -2) + 3) - -6?
2
(-17 - 0) + 10 - (-69 - -62)
0
What is the value of -4 + 36 - (24 - (-17 - -31)) - 0?
22
What is the value of -66 + 41 + 45 - 11?
9
Evaluate (-4 - -1 - -11) + 1 + 4 + 0.
13
What is the value of -18 + 30 - -1 - ((1 - 1) + -1)?
14
Calculate 64 - 61 - (2 + -6 - -31).
-24
Calculate -29 - (24 - 48 - 31).
26
Calculate 22 + -14 + (6 - -5).
19
Calculate 15 - (6 - (22 - 6) - -11).
14
Calculate -27 + 35 - (-3 + -1).
12
What is (88 - 95) + (20 - -3) + 1?
17
Evaluate (6 - 7) + -1 + -3 + 39 - 5.
29
What is the value of 8 + (-1 - (10 + 11 + (-10 - -5)))?
-9
What is the value of 75 + -34 + (-1 - 27)?
13
Evaluate 6 + -3 + 1 + (17 - (17 + 10)).
-6
What is -25 + (-7 - -14 - -6) - -14?
2
What is (-66 - -27) + 38 + -2?
-3
Calculate -37 - (-84 - -34 - -20).
-7
2 + -1 + -28 - ((0 - 9) + 13)
-31
What is 6 - -2 - 12 - (10 + 5)?
-19
Calculate (-8 - 1) + (16 - 6 - -7).
8
Evaluate (-39 - -41) + (0 - 6) + -1 + 10.
5
What is the value of (77 - 81) + 18 + -1 + 3 + -1?
15
7 + (-3 - (-10 + 10 + -2 + 16))
-10
Calculate (5 + -2 - (2 - -4)) + (42 - 30).
9
Evaluate -11 + -5 - (1 + 1 + -3).
-15
What is 9 + (8 + (-2 - -3) - -4)?
22
What is the value of (-1 - -4) + (-23 - (-4 - 26))?
10
3 - (-6 + -10 + (12 - (11 + -6)))
12
Evaluate -11 + -4 + 21 + 7.
13
Evaluate (-8 + -8 - -21) + -17.
-12
Evaluate 2 - 1 - (1 + -2 + (4 - -15)).
-17
-3 - ((27 - 30) + -1 + 4 - 1)
-2
Evaluate 21 - 26 - -12 - -16.
23
-1 + 206 + -209 + -1 + 1 + -16
-20
Evaluate -3 - ((-5 - -10) + 1).
-9
What is 1 - -13 - (1043 + -1025)?
-4
Calculate -2 + (3 - (6 + -3)) - (23 + -31).
6
What is -7 + (-4 - 3 - -4) + -14 + 5?
-19
(-4 - -10 - 10) + (3 - -7)
6
What is the value of 0 + (-4 + -6 - -12) + -9?
-7
What is 15 + -48 + 7 + 9?
-17
Evaluate (1 - (5 + 0 + -3) - -3) + -19.
-17
Evaluate (6 - 0) + (15 + -2 + -5 - 0).
14
What is the value of -40 + (-5 - (3 - (2 + 10 - -6)))?
-30
Evaluate (-34 - -18) + 7 - -4.
-5
Evaluate 1 - -15 - (196 + -194).
14
-9 - (-25 + 22 + (1 - 13))
6
What is -5 - (20 + -10) - -16?
1
What is the value of -32 - (6 - (9 - -22))?
-7
What is the value of (1 - (11 + -6 - -1)) + 1 + 1?
-3
Evaluate 35 + -41 + 20 - 22.
-8
1 + (15 - 30) + -19
-33
Evaluate -17 + -1 + -55 + 91.
18
What is the value of -3 - 1 - (-27 - -16)?
7
What is the value of (20 - 5) + 3 - 26?
-8
What is the value of 5 + (11 - (2 + 0))?
14
Evaluate 3 - 1 - -2 - (24 - (27 - 8)).
-1
Calculate -14 + (19 - (4 + 2)) + 20.
19
Evaluate -16 - (-1 + 3 + 2) - (-142 - -139).
-17
What is the value of -9 + 9 + -3 + -4 - -11 - 9?
-5
What is the value of -4 + 16 + -20 - -9?
1
What is the value of -23 + 62 - (0 - -40)?
-1
Calculate -1 + -1 + (11 - 1) + (-126 - -113).
-5
-7 + (1 - -2) + -2 - (40 + -44)
-2
Calculate -1 + (1 - 1) + (16 - (10 - 3)).
8
What is the value of (17 - 57) + 30 + 9 + 1?
0
What is (10 - 0) + ((6 - 7) + -6 - -11)?
14
What is 4 + -2 - ((-25 - -10) + 15)?
2
Calculate 30 + (18 - 31) - 15.
2
What is (9 - 14 - 3) + (3 - -14) + -5?
4
What is the value of 14 - -2 - (-468 - -482)?
2
What is 12 - (-7 - -6 - -6)?
7
Evaluate (9 + -27 - -5) + (-6 - 2).
-21
34 + -7 - (30 + -18)
15
(145 + -106 - (1 - 0)) + -13
25
Evaluate (2 + -1 - (-27 - -6)) + -8.
14
Calculate 31 + -1 - (10 - -3 - -1).
16
What is -68 + 64 + (9 - -2) + -6?
1
Evaluate (7 - 16) + 6 + (12 - 25) + -12.
-28
What is the value of 5 - (7 + -1 + (16 - 4 - 12))?
-1
Evaluate (-1968 - -1981) + (4 - 2 - 1 - 6).
8
Evaluate 21 + -26 + 11 - (0 + -10).
16
Evaluate (11 + -14 - (0 - 2)) + 15.
14
What is the value of (-6 - -3) + -2 - (0 + -13) - 5?
3
61 + -53 - (14 + -1) - (19 + -1)
-23
-34 - -46 - (1 - -5 - (-8 - -3))
1
28 - 5 - (2 + 6)
15
Evaluate -41 + 85 + (36 - 47).
33
(-20 - (-15 - -1)) + -1 + 12 + 10
15
Calculate -8 + 28 + -11 + 0 + -2 + -11.
-4
What is the value of (-9 - -17) + 7 + -7?
8
Calculate 13 - (-7 + 11) - 19.
-10
-8 + (-17 - -2) + 18 - -22
17
Calculate 130 + -150 - (-33 + -1).
14
What is -9 + -8 + (5 - 1) - -10?
-3
0 - (1 + (11 - 11 - 4))
3
What is -11 - (-9 + -3 + 2)?
-1
What is the value of 9 + (1 - 17) + 32 + -15?
10
What is the value of (-7 - 0) + 21 + (9 - 22)?
1
Evaluate 9 + (8 - (-9 - -10)) - 4 - 5.
7
(32 + -9 - 8 - 44) + 12
-17
Evaluate -610 + 589 - (-27 + -2).
8
Evaluate (4 - (-4 - (7 - 15))) + (16 - 9).
7
3 - (35 - (-8 - (-11 - 4)))
-25
Calculate -11 + (3 + 18 + -9 - 5).
-4
Evaluate -6 + 4 - 3 - (-5 - (4 - 24)).
-20
What is 20 + (29 - 33) + -14?
2
Evaluate (10 - 4) + 1 + 3.
10
What is the value of 10 + (-9 - -5) + -12?
-6
What is 0 + 0 + -2 + -6 - (-262 + 259)?
-5
What is the value of -1 + 45 + -31 + -2 + 1?
12
Evaluate 11 + (45 - 16 - 33).
7
What is the value of 9 + -9 + 6 + -6 + -8?
-8
Calculate 2 - 2 - (0 + (-2 + -6 - 2)).
10
What is (1 - (-2 + 5)) + -85 + 81 - -17?
11
32 + 4 + (12 - 31)
17
Calculate -6 - (27 - 56) - 29.
-6
What is (12 - (-16 + 12)) + 2 - -3?
21
-20 + 26 - 16 - (-10 - 0)
0
Calculate 17 + (-11 - -15) + (-1 - 4).
16
What is the value of (-12 + 9 - -7) + 11?
15
Calculate (-26 - -8) + 23 + (28 - 11).
22
-6 + 0 + 0 - (-1523 + 1515)
2
What is -10 + 21 + -7 + 3 - (-4 + -7)?
18
What is (-13 - (0 - (-8 - 2))) + 13?
-10
4 + 1 - (23 + (-19 - -8))
-7
Calculate (-16 - -9) + (-31 - -33).
-5
What is the value of -18 + 17 + (2 - 18)?
-17
What is the value of -1 + 3 + 4 - (760 - 773)?
19
Evaluate (12 - (-9 + 13)) + 0 + 2 + -4.
6
0 - 2 - -14 - (18 + -28 + 5)
17
(-1 - 5) + (29 - 16)
7
Evaluate 1 + 0 + (-42 + -11 - -65).